+ -3 + 8?
3
What is the value of 0 + 0 - -2 - (18 - 11)?
-5
Evaluate 14 + (-8 - 7) + 4.
3
What is the value of (10 - (-6 - -15)) + 1 + -8?
-6
Evaluate (11 - 14 - 0) + 5.
2
Evaluate -4 - ((17 - 22) + (0 - 1)).
2
7 + -1 - (10 + -6)
2
Evaluate 7 + -2 - (9 - 6) - 5.
-3
What is (3 - -1 - -1) + -3?
2
Evaluate -6 - -4 - (-1 + 1).
-2
-1 + (-3 - -2) - (0 + -1)
-1
What is -5 - (-7 + 4 + 1)?
-3
Calculate (7 - (1 + -2)) + -10.
-2
Evaluate -3 + (4 + -2 - 1) + 5.
3
Evaluate -6 + -1 + (99 - 96).
-4
What is 7 + (-19 - -6) - (0 + -3)?
-3
Evaluate -2 + 1 - (-4 - -2) - 1.
0
Evaluate -1 - (6 + -8 + -1).
2
-1 + 6 + -5 - 2
-2
What is -1 - ((7 - -3) + -4 - 1)?
-6
What is the value of 1 + 2 + -1 + -2 + -3?
-3
What is the value of 3 + (-3 - (-7 - -2))?
5
What is 3 + 4 + (2 - 7 - -1)?
3
What is the value of (-10 - 1) + 27 - 7?
9
(2 - -4 - 5 - -1) + 3
5
Calculate -22 + 24 - (-1 + 5).
-2
-2 - -8 - 0 - (50 - 39)
-5
What is -3 + 0 + 2 + -3?
-4
-17 + 9 + -6 + 15
1
What is 10 + (3 - (-8 - -20))?
1
What is (-1 - -5 - 1) + -4?
-1
2 + -7 + 3 - 3
-5
-1 - (1 + (-2 - (0 + 2)))
2
What is (-1 - 10) + 2 - (4 + -8)?
-5
What is the value of 1 - 2 - (5 + 12 + -24)?
6
Calculate (4 - 3) + 1 - (0 - -3).
-1
What is (4 - 3) + -3 + -1 + -2?
-5
Evaluate -3 - 0 - (-5 + -2).
4
What is the value of (-6 - 0 - 2) + 6 - -2?
0
What is -4 + -3 + 1 - -4 - 1?
-3
What is -1 - 0 - (-5 - 0) - 5?
-1
11 + -24 - -2 - -7
-4
What is 7 - (-13 + 14 + 3)?
3
What is the value of 6 + (-2 - -5 - 4) + 0?
5
Evaluate 5 + -6 + (-1 + -2 - -2).
-2
What is the value of 7 + 0 + -2 + -5 - 11?
-11
Calculate 0 + 10 + -2 - 5.
3
What is the value of -2 - -7 - 0 - 0?
5
What is the value of 3 - (14 + (-7 - -1))?
-5
-13 + -12 + 26 + (7 - 2)
6
-2 - (1 - -2 - (3 - 0))
-2
What is the value of (4 + -7 - -6) + 2?
5
What is (34 - 19 - 10) + (-1 - 3)?
1
Evaluate (5 - 5) + (1 - 8) - -3.
-4
-10 + 5 + -2 + 7
0
What is the value of -2 + (0 + -7 - -5)?
-4
What is the value of -2 + 5 + -3 - (-4 + -1)?
5
Calculate -4 - -2 - (-85 + 90).
-7
Evaluate 3 + (-4 - (5 - 10)).
4
What is (12 + -11 - 6) + -1 + -2?
-8
1 + -4 + 0 + 4 - 1
0
Calculate -3 + (-5 - 4) + (-12 - -18).
-6
What is the value of -4 + (2 - (1 + 0 + -1))?
-2
9 + (15 + -8 - 5 - 1)
10
What is (-3 - -2) + (7 - -1) + -6?
1
Calculate -3 - (4 - 2 - (-4 - -8)).
-1
Calculate 2 - 5 - (-4 - -3 - 6).
4
What is 3 - 2 - (8 - (6 + -1))?
-2
What is (2 - 1) + -1 + 0?
0
What is the value of -3 - (0 - (6 + -5) - 1)?
-1
What is the value of -6 + -8 - (0 + -2 - 5)?
-7
What is the value of 5 + (4 - 2) + -8?
-1
What is the value of -6 - -10 - (1 - -1)?
2
Evaluate (-13 - -19) + (0 - 12).
-6
What is the value of (-1 - -1) + 7 + -9?
-2
What is 6 + (2 - -2) + -6?
4
What is (-2 - -3 - 1) + -4?
-4
-9 - -3 - (1 + -2) - -3
-2
What is -1 + 1 - (30 + -12 + -15)?
-3
(-4 - -2 - 2) + 21 + -11
6
Calculate 1 + -2 - (-1 + 4 + -2).
-2
Calculate 5 - 2 - 1 - 0.
2
Evaluate 1 - 9 - (-3 - 0).
-5
What is the value of -3 - (18 - 9) - -10?
-2
What is the value of 2 + (-5 - -10 - 7)?
0
Evaluate (0 - (3 - 3)) + -2 - -2.
0
What is -3 - (-1 - (1 - 3 - -6))?
2
What is the value of 3 - (0 - (-6 - -1))?
-2
Calculate 3 + (6 - 7 - (2 + 1)).
-1
Calculate (1 + 0 - 0) + -2 + 4.
3
What is the value of (0 - -1) + 2 + 1 + -4?
0
What is 3 - ((4 - 1) + -3 + -1)?
4
Calculate (2 - -4) + -3 - (0 + 0).
3
-1 - 0 - (0 + 14 + -15)
0
What is -7 - (3 + 5) - -7?
-8
Evaluate -1 + -3 + -2 - (-11 - -7).
-2
What is -1 + -1 - (2 + 11 - 12)?
-3
Evaluate 7 - (4 + -1 + -1).
5
1 + (3 - -1) + -9 + 2
-2
Evaluate -3 - ((-1 - 1) + (-5 - -4)).
0
What is -9 + 13 - (-4 - (-1 - 2))?
5
Calculate (-4 - 5) + 18 + -11.
-2
What is the value of -1 + (-6 - -5) - -3?
1
-10 + (7 - 3) + 0
-6
Evaluate 0 + 6 + (-43 - -33).
-4
What is 3 + -2 + 0 + 1 + 0?
2
Evaluate 0 + -11 + 5 + 0 + -3.
-9
-2 - (-3 - (4 - 0 - 2))
3
What is 1 - (-2 + 1 + -2)?
4
Calculate (0 - 4) + (0 - -3) + 4.
3
What is the value of 5 + (1 - (2 + -1)) + 0?
5
Calculate -54 + 57 + (2 - (1 + 3)).
1
What is -2 + (14 - (13 - (-5 - -10)))?
4
Evaluate (2 - 6) + -5 - -5.
-4
What is the value of -5 - -1 - (-4 + 6 - 9)?
3
Evaluate 0 + 2 + -5 + 0 + 1.
-2
Evaluate 0 + (-26 - -31 - (9 + -1)).
-3
What is -5 + -1 - (-4 + (-1 - -7))?
-8
Evaluate -11 + 10 + 4 + (0 - 8).
-5
-4 - (4 + (-4 - -4) + 0)
-8
Calculate -6 - (2 + -5 - 1).
-2
Evaluate 3 + -3 + 3 + (1 - 0).
4
1 + -4 + 1 - -3
1
Evaluate 0 - -7 - 1 - (-35 - -35).
6
Evaluate 0 - 3 - (2 + -11 + 2).
4
-4 - (-22 + 18 - (10 + -1))
9
(-2 - 1 - 0) + 5 - 8
-6
What is 3 - (8 - (2 - (7 + -7)))?
-3
What is (25 - 28) + (1 - -1)?
-1
-1 + (-3 - (-3 + 5) - -1)
-5
What is the value of 14 + -9 + -1 + -2?
2
Calculate 0 + -5 + 11 + 1.
7
Evaluate -10 + 0 + 3 - -13.
6
What is 0 + (9 - 1 - 3) + -4?
1
-5 + 1 - (-6 - -4)
-2
Calculate 4 + 0 - (-4 + (8 - 4)).
4
Evaluate 1 + 6 + -15 - -13.
5
Calculate (-6 - -14) + (-18 - -15).
5
What is (4 - 3) + 2 + 1?
4
Evaluate -1 - 0 - (-2 + 4).
-3
Calculate 4 - (4 + -4 + 3 - 2).
3
Evaluate 6 + -1 + -1 - (-1 + 0).
5
Calculate 3 + (9 - 27) + 8.
-7
Evaluate -5 + (3 + 5 - 8 - -5).
0
-4 + (-2 - (-2 - 2))
-2
Calculate 0 - -2 - (-10 - (-26 - -6)).
-8
10 + -15 + 2 - -7
4
(2 - -3) + 12 - 7
10
-1 - -3 - (-7 - (-2 + -7))
0
8 + -10 + (-3 - -19) + -8
6
What is (-11 - -6) + 8 + -4 + 0?
-1
Calculate ((3 - -3) + -4 - 0) + -6.
-4
Evaluate (1 + 4 - 8) + -4.
-7
What is 2 - 0 - (8 + -1 + -2)?
-3
Evaluate 7 + (7 - (10 + 0)) - 8.
-4
Evaluate -6 + 12 + (-1 - 5).
0
Evaluate -1 + ((-3 - 0) + 2 - -2).
0
Evaluate -2 + 0 + (-12 - -10) - -7.
3
What is the value of 4 - 2 - (-2 - (-2 + 2))?
4
What is the value of -7 + (-3 + 3 - -3)?
-4
What is the value of (-1 - (-5 - -1)) + 0 + -1?
2
What is 3 + -3 + 16 + -18?
-2
Evaluate -5 - (2 - ((2 - 5) + 7)).
-3
What is the value of -1 - 1 - ((-4 - -1) + 0)?
1
Calculate (-10 - -8) + -6 + 0.
-8
-4 - -1 - -5 - -3
5
Calculate 0 - 4 - (-20 + 10 - -3).
3
Calculate -2 + -2 + -1 + 2.
-3
What is the value of (-4 - -9) + (-1 - 5)?
-1
What is 5 + -6 + 3 + (-5 - 0)?
-3
Evaluate -7 + 0 - (-3 - 5).
1
-2 + (8 + -4 + 4 - 2)
4
Calculate -3 + 9 - (19 - 19).
6
Evaluate 0 - 5 - (13 - 14).
-4
What is 3 + (-4 - -4) + -4?
-1
-1 - -3 - (0 + 11)
-9
-97 - -103 - (1 - -6)
-1
Evaluate (7 - 3) + -2 + 2 - -1.
5
Evaluate -24 + 16 + (8 - (3 - 1)).
-2
Calculate 1 + 0 - (-21 - -20).
2
-8 + (5 - 1) + (1 - -3)
0
What is (3 - -1) + -2 + -3?
-1
What is the value of -3 - ((-1 - 4) + 3) - -5?
4
What is the value of -16 - (-11 - -10 - 7)?
-8
What is 11 + 0 + -10 + 1?
2
What is (-45 - -50) + (2 - (-1 + 5))?
3
Evaluate -13 - -6 - -4 - 0.
-3
What is 1 - (5 + -2 + -4 + -2)?
4
What is the value of (-7 - -5) + -13 + -1 + 8?
-8
What is the value of -5 - (6 + -8 + -5) - -2?
4
Evaluate -9 + (-5 - -10) + 6 + -7.
-5
(7 - (-2 + 6)) + 0 + 1
4
What is 0 + 8 + 2 - 1?
9
What is the value of (5 - 5) + -7 + 1?
-6
What is the value of (-4 - 2) + 7 + -5 + -4?
-8
-3 + (3 - (5 - 4))
-1
Calculate 12 - (1 + 8 - -2).
1
Calculate -18 + 20 + (1 - (-3 - 0)).
6
Evaluate 4 + -4 - (-4 + 6 - 4).
2
What is the value of (-2 - (-5 - -7)) + (3 - 3)?
-4
What is the value of -8 - -4 - (1 + -5 + -7)?
7
Calculate 15 + -21 - -1 - -3.
-2
Evaluate (5 - 3) + -5 + 4.
1
What is 7 + -1 + (2 - 10)?
-2
30 + -26 - (-1 - -1 - -3)
1
Calculate -2 + (11 - (-3 - -6)).
6
1 + (8 - 7 - -3)
5
Evaluate 0 - (6 - 10 - (-1 + -3)).
0
Calculate -3 + 7 - (-1 + 0).
5
What is the value of 1 + -4 - (-1 + 2)?
-4
Calculate (-1 + 0 - 2 - -3) + 2.
2
-13 - (1 + -2 + -6)
-6
Evaluate 0 + (-2 - -5) - (13 + -5).
-5
What is the value of 65 - 57 - (-1 - -7)?
2
Calculate 1 + -1 + -1 + 0.
-1
(-43 - -33) + (-1 - -7)
-4
What is -7 - 0 - (-9 + (2 - -4))?
-4
-4 - 0 - (-3 - 3)
2
Evaluate -1 - 3 - (46 + -46).
-4
What is -1 - (-4 - 1) - (3 + -2)?
3
What is -6 + (-4 - -10) + 3?
3
Calculate (-10 - -2) + 12 + 1.
5
What is -5 + 7 + -8 + 12?
6
What is the value of 6 - ((-4 - (-7 + 3)) + 0)?
6
What is (-2 - 1) + 19 + -17?
-1
What is (4 - 11) + 3 + -1?
-5
Evaluate (1 - 2) + (3 - 4 - -1).
-1
What is the value of -9 - (-11 + (-5 - -8))?
-1
-6 - -4 - (-3 - -3)
-2
Calculate 5 - ((6 - 2) + -2) - 0.
3
Evaluate 10 - 10 - (0 + 1).
-1
-2 + 1 + 11 + 19 + -25
4
Calculate (44 - 53) + (0 + -2 - -3).
-8
What is the value of 2 - -3 - (-10 + 5 + 4)?
6
Evaluate 3 - ((-5 - (-12 + 2)) + -3).
1
Calculate -7 - (-3 - (-6 + 13)).
3
Evaluate 59 - 68 - (-2 - 12).
5
-13 + (-2 - (-5 + (-4 - -1)))
-7
What is the value of (